{"id":67,"date":"2026-08-31T18:30:48","date_gmt":"2026-08-31T16:30:48","guid":{"rendered":"https:\/\/plauen.fau.org\/?page_id=67"},"modified":"2026-08-31T18:32:38","modified_gmt":"2026-08-31T16:32:38","slug":"das-lokal","status":"publish","type":"page","link":"https:\/\/plauen.fau.org\/?page_id=67","title":{"rendered":"Das Lokal"},"content":{"rendered":"<p>Unser Gewerkschaftslokal in der Bahnhofstra\u00dfe 41 in Plauen ist ein \u00f6ffentlicher Anlaufpunkt f\u00fcr alle Mitglieder und Interessierte.<\/p>\n","protected":false},"excerpt":{"rendered":"<p>Unser Gewerkschaftslokal in der Bahnhofstra\u00dfe 41 in Plauen ist ein \u00f6ffentlicher Anlaufpunkt f\u00fcr alle Mitglieder und Interessierte.<\/p>\n","protected":false},"author":1,"featured_media":0,"parent":0,"menu_order":0,"comment_status":"closed","ping_status":"closed","template":"","meta":{"footnotes":""},"class_list":["post-67","page","type-page","status-publish","hentry"],"_links":{"self":[{"href":"https:\/\/plauen.fau.org\/index.php?rest_route=\/wp\/v2\/pages\/67","targetHints":{"allow":["GET"]}}],"collection":[{"href":"https:\/\/plauen.fau.org\/index.php?rest_route=\/wp\/v2\/pages"}],"about":[{"href":"https:\/\/plauen.fau.org\/index.php?rest_route=\/wp\/v2\/types\/page"}],"author":[{"embeddable":true,"href":"https:\/\/plauen.fau.org\/index.php?rest_route=\/wp\/v2\/users\/1"}],"replies":[{"embeddable":true,"href":"https:\/\/plauen.fau.org\/index.php?rest_route=%2Fwp%2Fv2%2Fcomments&post=67"}],"version-history":[{"count":2,"href":"https:\/\/plauen.fau.org\/index.php?rest_route=\/wp\/v2\/pages\/67\/revisions"}],"predecessor-version":[{"id":70,"href":"https:\/\/plauen.fau.org\/index.php?rest_route=\/wp\/v2\/pages\/67\/revisions\/70"}],"wp:attachment":[{"href":"https:\/\/plauen.fau.org\/index.php?rest_route=%2Fwp%2Fv2%2Fmedia&parent=67"}],"curies":[{"name":"wp","href":"https:\/\/api.w.org\/{rel}","templated":true}]}}

<p>Unser Gewerkschaftslokal in der Bahnhofstraße 41 in Plauen ist ein öffentlicher Anlaufpunkt für alle Mitglieder und Interessierte.</p>
